 Let w = 89 - 59. Calculate the remainder when 120/18*w/4 is divided by u.
24
Let o(h) = h**3 - 12*h**2 + 15*h - 21. What is the remainder when o(11) is divided by 13?
10
Let j(k) be the second derivative of k**4/12 - k**3/3 + k**2/2 + k. Calculate the remainder when 17 is divided by j(4).
8
Suppose 3*f + 2*c - 41 = 25, -c = 3. What is the remainder when 94 is divided by f?
22
Let v = 60 + 25. Calculate the remainder when v is divided by 29.
27
Suppose 4 = -4*u + 28. What is the remainder when 22 is divided by u?
4
Let f = -41 + 60. Let g = 20 + f. Calculate the remainder when g is divided by 14.
11
Suppose -k = 2*k + 9. Let q(j) = j**2 + j - 4. Let a be q(k). Let t = 11 - a. Calculate the remainder when 16 is divided by t.
7
Let h be (-2)/(-3) + 20/6. Suppose -4*u = 5*m - 81, -2*m = h*u - 18 - 24. Calculate the remainder when m is divided by 8.
5
Suppose -3*t = t + 12. Let b = t + 8. Calculate the remainder when 5 is divided by 21/5 - 1/b.
1
Suppose -4*h + 0 = a - 28, 4*h = a + 12. Calculate the remainder when 45 is divided by a.
5
Suppose -3*g = 2*g - 25. Suppose y - 6 = -4*b, 7*b = -g*y + 2*b + 75. Calculate the remainder when y is divided by 10.
8
Let n = -3 + 11. Let g(r) = -r**3 + 4*r**2 + 5*r - 2. What is the remainder when g(3) is divided by n?
6
Suppose 6*f - 268 = -28. Calculate the remainder when f is divided by 21.
19
Let y(s) = s**2 + 5*s + 8. Suppose 86*v - 91*v = -270. What is the remainder when v is divided by y(-6)?
12
Suppose 0 = -5*h + 2*o - 15, 0 = -0*h + 4*h - 2*o + 14. Calculate the remainder when 15 is divided by (-51)/(-9) + h/(-3).
3
Let j = 0 + 24. Calculate the remainder when 92 is divided by j.
20
Let j = 0 + 3. Let w be j/4 - 9/(-4). Suppose w*i + i + v = 39, -4*i = -5*v - 45. Calculate the remainder when i is divided by 4.
2
Suppose 0 = -3*s - 19 + 70. Calculate the remainder when 66 is divided by s.
15
Let j be (22/(-4))/((-2)/12). Suppose t + t - r - 5 = 0, t = 2*r + 10. Calculate the remainder when j + -2 + (-1 - t) is divided by 11.
8
Let k(r) = 20*r - 3. Let s be k(2). Suppose -3*j + 4*j - 19 = 3*q, s = 3*j - 5*q. Let w = -165 + 168. What is the remainder when j is divided by w?
1
Suppose -5*s = -190 - 5. Let d be -1*(1 + -1)*1. Suppose l = x - 4*x + 62, d = 2*x + 5*l - 50. Calculate the remainder when s is divided by x.
19
Let n(f) = -10*f + 8. Let l be n(11). Let y = l - 0. What is the remainder when (y/15)/((-4)/20) is divided by 12?
10
Suppose -12 = -4*h, 4*w + 4*h - 8 = 24. Calculate the remainder when 13 is divided by w.
3
Let m(g) = g**2 - 3*g + 13. What is the remainder when m(-9) is divided by 31?
28
Suppose 2*r - 27 - 7 = 0. What is the remainder when 47 is divided by r?
13
Suppose 0 = 5*o - 74 - 1. Suppose -2*x = -5*x + 24. Calculate the remainder when o is divided by x.
7
Let a be (6/3)/(-2)*-2. Suppose -a*b = 2 - 14. Calculate the remainder when 11 is divided by 6/(-3) + (b - -2).
5
Let t(s) = s + 17. Let a be t(-5). Let r = 22 - a. Calculate the remainder when 18*2 + 2/2 is divided by r.
7
Let w = 2 - 0. Let c(z) = -3*z**3 - 5*z**2 - 4*z - 2. Let k be c(-5). Calculate the remainder when 50 is divided by k/16 - w/(-8).
16
Suppose 3*b - 4*b + 11 = 0. What is the remainder when -2 - (-2 - 21) - 1 is divided by b?
9
Suppose 4*n - 13 = 15. Let v(k) = k + 22. Let l be v(0). Let g = n + l. Calculate the remainder when g is divided by 15.
14
Let a(q) = 5*q**2 - 5*q**2 + q**2 - 3*q - q**3 + 6*q**2. What is the remainder when 78 is divided by a(3)?
24
Suppose d + 74 = 3*t - t, -t + 2*d = -43. Suppose 0 = 2*j + y - 19, j + 2*y = 4*j - 11. Suppose -j = -b + 5. Calculate the remainder when t is divided by b.
11
Suppose -2*o + 5 = -5*b - 11, 0 = 3*b + 3*o - 3. Let y = -180 - -195. Calculate the remainder when 30 + (b - (0 - 1)) is divided by y.
14
What is the remainder when 32 is divided by 7/28 + (-71)/(-4)?
14
Suppose 2*v + 4 = 12, c - 20 = -2*v. Let j(u) = 0*u - c - 4*u + 2*u + 1. What is the remainder when 8 is divided by j(-8)?
3
Suppose 12 = 3*t - 3. Suppose -2*i = t*i - 798. What is the remainder when i is divided by 29?
27
Suppose v - 5*j + 2*j = 66, 0 = 5*v + 4*j - 235. Let n = 39 - 21. What is the remainder when v is divided by n?
15
Let x = -117 + 216. What is the remainder when x is divided by 17?
14
Suppose 0*q = -3*q + 45. Let d = -64 - -106. Calculate the remainder when d is divided by q.
12
Let f = 45 - 24. What is the remainder when f is divided by 12?
9
Suppose -80 = -2*f - 4*r, 16*f - 120 = 13*f + 5*r. What is the remainder when 150 is divided by f?
30
Let c(q) = -13*q**2 + q + 1. Let r be c(-1). Let v = r - -21. What is the remainder when 22 is divided by v?
6
What is the remainder when (-4)/(-4)*1*11*4 is divided by 9?
8
Let o = 3 + -1. Suppose -o*d + 3*n = -4*d - 11, 5*d - 30 = 4*n. Calculate the remainder when d is divided by 2.
0
Suppose 0 - 5 = 5*s. Calculate the remainder when 6 is divided by (s - (-8)/4) + 3.
2
Let v(r) = -r**3 + 8*r**2 - 4*r - 7. Calculate the remainder when v(6) is divided by (28/10)/((-8)/(-40)).
13
Let u = 49 + -24. What is the remainder when u is divided by 9?
7
Suppose 42 - 12 = 3*d. Let x be (-4)/d + (-132)/(-5). Suppose 0 = -3*a - x + 68. Calculate the remainder when 26 is divided by a.
12
Suppose -3*h - 3*c = -2*h - 5, -4*h - 5*c = -13. Calculate the remainder when 79 is divided by (-273)/(-14) - h/(-4).
19
Suppose -4*m - 5*a + 22 = 0, 0 + 8 = -4*a. Calculate the remainder when m is divided by 5.
3
Let c = 11 + 9. Calculate the remainder when 58 is divided by c.
18
Let a = -15 - -11. Let w(p) = -p**2 - 4*p + 2. Calculate the remainder when 6 is divided by w(a).
0
Suppose 0 = -2*j + 3*x - 1 - 8, 4*x - 12 = 3*j. What is the remainder when 40 is divided by 1/(-2)*j - -14?
12
Let d = 155 + -114. Let g(u) = -5*u - 6. What is the remainder when d is divided by g(-4)?
13
Suppose -r = -k - k - 99, 3*r + 4*k = 267. What is the remainder when r is divided by (24 + 0/1)/1?
21
Suppose 0 = 4*q + 74 - 270. What is the remainder when q is divided by 9?
4
Let s(r) = -r**3 + 5*r**2 - 4*r + 1. Let q be s(4). Suppose -6 = 5*z - 2*z. Let l = q - z. What is the remainder when l is divided by 3?
0
Suppose 5*z - 2*v + 4 = v, z = -v + 4. Suppose 2 = r - z. Suppose -3*q - 40 = -8*q. Calculate the remainder when q is divided by r.
2
Let k(a) = -4*a - 7. What is the remainder when 65 is divided by k(-6)?
14
Let a = -31 - -43. What is the remainder when 16 is divided by (-58)/(-6) + (-8)/a?
7
Let z(v) = 2*v**2 - v. Suppose -n + 3 = m + n, 3*n = 4*m - 56. Calculate the remainder when m is divided by z(2).
5
Let j = 5 - 1. Suppose -3*d - 79 = 2*m - 323, 2*d = j*m - 520. Suppose -4*c + m = 32. Calculate the remainder when c is divided by 13.
11
Let p = 529 + -367. Calculate the remainder when p is divided by 41.
39
Let h be -4*1/1*2. Let z be (18/(-4))/(2/h). Calculate the remainder when 4/(-18) - (-364)/z is divided by 11.
9
Let x(u) = -11*u - 2. Calculate the remainder when 37 is divided by x(-2).
17
Let j be (-5 - -9)*1/2. Let o(m) = m - 1. Let a be o(j). Let t = 7 - a. What is the remainder when 11 is divided by t?
5
Suppose -p + 8 = -9. Suppose 0 = -2*s + 6 + 12. Calculate the remainder when p is divided by s.
8
Suppose -18*b = -10*b - 104. Calculate the remainder when 75 is divided by b.
10
Suppose 0 = -3*m - 4*a + 31 - 0, -5*m - 2*a = -33. Calculate the remainder when 16 is divided by m.
1
Let f = -19 - -54. Let b(d) = d**3 - 2*d**2 - 6*d + 4. Calculate the remainder when f is divided by b(4).
11
Let r = -35 - -82. Let p(h) = 3*h**2 + 4*h + 8. What is the remainder when r is divided by p(-2)?
11
Suppose 4*y = 66 + 10. Let h = 6 + 14. Suppose 2*b - 6*b + 2*o + h = 0, 4*o = -5*b + 51. What is the remainder when y is divided by b?
5
Suppose -8 = -4*h - 2*q, 5*h = -0*h - 4*q + 10. What is the remainder when 6 is divided by h?
0
Suppose -22 = 7*i - 9*i. Calculate the remainder when 19 is divided by i.
8
What is the remainder when 15/4 - ((-18)/8 - -2) is divided by 4?
0
Suppose 0 = -4*r - w + 88, 2*r + 2*w - 15 = r. Calculate the remainder when r is divided by 6.
5
Suppose 0 = -4*u + 3*h + 3 + 84, 0 = -5*h - 5. Let r be ((-5)/2)/(1/(-2)). Suppose 4*s - 299 = -r*m + s, s = -2. What is the remainder when m is divided by u?
19
Let g(f) = -f**3 - 2*f**2 + f + 2. Let u be g(-2). Suppos